{"id":658,"date":"2021-12-10T14:39:47","date_gmt":"2021-12-10T13:39:47","guid":{"rendered":"https:\/\/parrocchiadibidogno.ch\/?page_id=658"},"modified":"2024-05-02T10:51:25","modified_gmt":"2024-05-02T08:51:25","slug":"orario-sante-messe","status":"publish","type":"page","link":"https:\/\/parrocchiadibidogno.ch\/?page_id=658","title":{"rendered":"Orario Sante Messe"},"content":{"rendered":"\n<p>Vi rendiamo attenti ai cambiamenti che il Calendario parrocchiale potr\u00e0 subire, saranno comunicati ogni settimana alle S. Messe, con esposizione all\u2019albo delle parrocchie e sul sito internet <a href=\"http:\/\/www.parrocchiaditesserete.ch\" target=\"_blank\" rel=\"noreferrer noopener\">www.parrocchiaditesserete.ch<\/a><\/p>\n\n\n\n<figure class=\"wp-block-image size-full\"><img loading=\"lazy\" decoding=\"async\" width=\"904\" height=\"888\" src=\"https:\/\/parrocchiadibidogno.ch\/wp-content\/uploads\/2024\/04\/image-2.png\" alt=\"\" class=\"wp-image-2735\" srcset=\"https:\/\/parrocchiadibidogno.ch\/wp-content\/uploads\/2024\/04\/image-2.png 904w, https:\/\/parrocchiadibidogno.ch\/wp-content\/uploads\/2024\/04\/image-2-300x295.png 300w, https:\/\/parrocchiadibidogno.ch\/wp-content\/uploads\/2024\/04\/image-2-768x754.png 768w, https:\/\/parrocchiadibidogno.ch\/wp-content\/uploads\/2024\/04\/image-2-870x855.png 870w\" sizes=\"auto, (max-width: 904px) 100vw, 904px\" \/><\/figure>\n\n\n\n<p><strong>Intenzioni delle S. Messe<\/strong><\/p>\n\n\n\n<p>Carissimi parrocchiani,<br>vi chiediamo una cortesia. Per le intenzioni delle S. Messe che fate arrivare in segreteria, non sempre si riescono<br>a decifrare i nomi delle persone care che desiderate ricordare; vi chiediamo perci\u00f2 di aggiungere un<br>vostro contatto telefonico per potervi raggiungere in caso di necessit\u00e0.<br>Nelle frazioni \u00e8 pi\u00f9 facile ricordare i nostri cari, nei luoghi da loro amati. Vi ricordiamo pertanto, per il prossimo<br>Bollettino parrocchiale, di farci pervenire le vostre intenzioni per le S. Messe <strong>entro il 15 luglio 2024<\/strong>, in<br>modo da poter avere sempre un\u2019intenzione per i nostri defunti in ogni Oratorio.<br>Vi ringraziamo per la vostra preziosa collaborazione, contiamo sulle preghiere di ognuno e vi assicuriamo le<br>nostre per voi tutti.<\/p>\n\n\n\n<p>I vostri sacerdoti e la redazione sono felici di poter augurare a tutti un buon periodo, primaverile ed estivo, di vacanze e ristoro.<\/p>\n\n\n\n<figure class=\"wp-block-image size-full\"><img loading=\"lazy\" decoding=\"async\" width=\"612\" height=\"934\" src=\"https:\/\/parrocchiadibidogno.ch\/wp-content\/uploads\/2024\/05\/image.png\" alt=\"\" class=\"wp-image-2784\" srcset=\"https:\/\/parrocchiadibidogno.ch\/wp-content\/uploads\/2024\/05\/image.png 612w, https:\/\/parrocchiadibidogno.ch\/wp-content\/uploads\/2024\/05\/image-197x300.png 197w, https:\/\/parrocchiadibidogno.ch\/wp-content\/uploads\/2024\/05\/image-560x855.png 560w\" sizes=\"auto, (max-width: 612px) 100vw, 612px\" \/><\/figure>\n\n\n\n<figure class=\"wp-block-image size-full\"><img loading=\"lazy\" decoding=\"async\" width=\"614\" height=\"926\" src=\"https:\/\/parrocchiadibidogno.ch\/wp-content\/uploads\/2024\/05\/image-1.png\" alt=\"\" class=\"wp-image-2785\" srcset=\"https:\/\/parrocchiadibidogno.ch\/wp-content\/uploads\/2024\/05\/image-1.png 614w, https:\/\/parrocchiadibidogno.ch\/wp-content\/uploads\/2024\/05\/image-1-199x300.png 199w, https:\/\/parrocchiadibidogno.ch\/wp-content\/uploads\/2024\/05\/image-1-567x855.png 567w\" sizes=\"auto, (max-width: 614px) 100vw, 614px\" \/><\/figure>\n\n\n\n<figure class=\"wp-block-image size-full\"><img loading=\"lazy\" decoding=\"async\" width=\"609\" height=\"944\" src=\"https:\/\/parrocchiadibidogno.ch\/wp-content\/uploads\/2024\/05\/image-2.png\" alt=\"\" class=\"wp-image-2786\" srcset=\"https:\/\/parrocchiadibidogno.ch\/wp-content\/uploads\/2024\/05\/image-2.png 609w, https:\/\/parrocchiadibidogno.ch\/wp-content\/uploads\/2024\/05\/image-2-194x300.png 194w, https:\/\/parrocchiadibidogno.ch\/wp-content\/uploads\/2024\/05\/image-2-552x855.png 552w\" sizes=\"auto, (max-width: 609px) 100vw, 609px\" \/><\/figure>\n\n\n\n<figure class=\"wp-block-image size-full is-resized\"><img loading=\"lazy\" decoding=\"async\" width=\"615\" height=\"932\" src=\"https:\/\/parrocchiadibidogno.ch\/wp-content\/uploads\/2024\/05\/image-3.png\" alt=\"\" class=\"wp-image-2787\" style=\"width:614px;height:auto\" srcset=\"https:\/\/parrocchiadibidogno.ch\/wp-content\/uploads\/2024\/05\/image-3.png 615w, https:\/\/parrocchiadibidogno.ch\/wp-content\/uploads\/2024\/05\/image-3-198x300.png 198w, https:\/\/parrocchiadibidogno.ch\/wp-content\/uploads\/2024\/05\/image-3-564x855.png 564w\" sizes=\"auto, (max-width: 615px) 100vw, 615px\" \/><\/figure>\n\n\n\n<figure class=\"wp-block-image size-full\"><img loading=\"lazy\" decoding=\"async\" width=\"610\" height=\"938\" src=\"https:\/\/parrocchiadibidogno.ch\/wp-content\/uploads\/2024\/05\/image-4.png\" alt=\"\" class=\"wp-image-2788\" srcset=\"https:\/\/parrocchiadibidogno.ch\/wp-content\/uploads\/2024\/05\/image-4.png 610w, https:\/\/parrocchiadibidogno.ch\/wp-content\/uploads\/2024\/05\/image-4-195x300.png 195w, https:\/\/parrocchiadibidogno.ch\/wp-content\/uploads\/2024\/05\/image-4-556x855.png 556w\" sizes=\"auto, (max-width: 610px) 100vw, 610px\" \/><\/figure>\n\n\n\n<figure class=\"wp-block-image size-full\"><img loading=\"lazy\" decoding=\"async\" width=\"614\" height=\"938\" src=\"https:\/\/parrocchiadibidogno.ch\/wp-content\/uploads\/2024\/05\/image-5.png\" alt=\"\" class=\"wp-image-2789\" srcset=\"https:\/\/parrocchiadibidogno.ch\/wp-content\/uploads\/2024\/05\/image-5.png 614w, https:\/\/parrocchiadibidogno.ch\/wp-content\/uploads\/2024\/05\/image-5-196x300.png 196w, https:\/\/parrocchiadibidogno.ch\/wp-content\/uploads\/2024\/05\/image-5-560x855.png 560w\" sizes=\"auto, (max-width: 614px) 100vw, 614px\" \/><\/figure>\n\n\n\n<figure class=\"wp-block-image size-full\"><img loading=\"lazy\" decoding=\"async\" width=\"613\" height=\"946\" src=\"https:\/\/parrocchiadibidogno.ch\/wp-content\/uploads\/2024\/05\/image-6.png\" alt=\"\" class=\"wp-image-2790\" srcset=\"https:\/\/parrocchiadibidogno.ch\/wp-content\/uploads\/2024\/05\/image-6.png 613w, https:\/\/parrocchiadibidogno.ch\/wp-content\/uploads\/2024\/05\/image-6-194x300.png 194w, https:\/\/parrocchiadibidogno.ch\/wp-content\/uploads\/2024\/05\/image-6-554x855.png 554w\" sizes=\"auto, (max-width: 613px) 100vw, 613px\" \/><\/figure>\n\n\n\n<figure class=\"wp-block-image size-full\"><img loading=\"lazy\" decoding=\"async\" width=\"610\" height=\"931\" src=\"https:\/\/parrocchiadibidogno.ch\/wp-content\/uploads\/2024\/05\/image-7.png\" alt=\"\" class=\"wp-image-2791\" srcset=\"https:\/\/parrocchiadibidogno.ch\/wp-content\/uploads\/2024\/05\/image-7.png 610w, https:\/\/parrocchiadibidogno.ch\/wp-content\/uploads\/2024\/05\/image-7-197x300.png 197w, https:\/\/parrocchiadibidogno.ch\/wp-content\/uploads\/2024\/05\/image-7-560x855.png 560w\" sizes=\"auto, (max-width: 610px) 100vw, 610px\" \/><\/figure>\n\n\n\n<figure class=\"wp-block-image size-full\"><img loading=\"lazy\" decoding=\"async\" width=\"610\" height=\"941\" src=\"https:\/\/parrocchiadibidogno.ch\/wp-content\/uploads\/2024\/05\/image-8.png\" alt=\"\" class=\"wp-image-2792\" srcset=\"https:\/\/parrocchiadibidogno.ch\/wp-content\/uploads\/2024\/05\/image-8.png 610w, https:\/\/parrocchiadibidogno.ch\/wp-content\/uploads\/2024\/05\/image-8-194x300.png 194w, https:\/\/parrocchiadibidogno.ch\/wp-content\/uploads\/2024\/05\/image-8-554x855.png 554w\" sizes=\"auto, (max-width: 610px) 100vw, 610px\" \/><\/figure>\n","protected":false},"excerpt":{"rendered":"<p>Vi rendiamo attenti ai cambiamenti che il Calendario parrocchiale potr\u00e0 subire, saranno comunicati ogni settimana alle S. Messe, con esposizione<span class=\"more-dots\">&#8230;<\/span><\/p>\n","protected":false},"author":1,"featured_media":0,"parent":0,"menu_order":0,"comment_status":"closed","ping_status":"closed","template":"","meta":{"footnotes":""},"class_list":["post-658","page","type-page","status-publish","hentry","no-post-thumbnail"],"_links":{"self":[{"href":"https:\/\/parrocchiadibidogno.ch\/index.php?rest_route=\/wp\/v2\/pages\/658","targetHints":{"allow":["GET"]}}],"collection":[{"href":"https:\/\/parrocchiadibidogno.ch\/index.php?rest_route=\/wp\/v2\/pages"}],"about":[{"href":"https:\/\/parrocchiadibidogno.ch\/index.php?rest_route=\/wp\/v2\/types\/page"}],"author":[{"embeddable":true,"href":"https:\/\/parrocchiadibidogno.ch\/index.php?rest_route=\/wp\/v2\/users\/1"}],"replies":[{"embeddable":true,"href":"https:\/\/parrocchiadibidogno.ch\/index.php?rest_route=%2Fwp%2Fv2%2Fcomments&post=658"}],"version-history":[{"count":19,"href":"https:\/\/parrocchiadibidogno.ch\/index.php?rest_route=\/wp\/v2\/pages\/658\/revisions"}],"predecessor-version":[{"id":2793,"href":"https:\/\/parrocchiadibidogno.ch\/index.php?rest_route=\/wp\/v2\/pages\/658\/revisions\/2793"}],"wp:attachment":[{"href":"https:\/\/parrocchiadibidogno.ch\/index.php?rest_route=%2Fwp%2Fv2%2Fmedia&parent=658"}],"curies":[{"name":"wp","href":"https:\/\/api.w.org\/{rel}","templated":true}]}}

<p>Vi rendiamo attenti ai cambiamenti che il Calendario parrocchiale potrà subire, saranno comunicati ogni settimana alle S. Messe, con esposizione all’albo delle parrocchie e sul sito internet <a href="http://www.parrocchiaditesserete.ch" target="_blank" rel="noreferrer noopener">www.parrocchiaditesserete.ch</a></p>



<figure class="wp-block-image size-full"><img loading="lazy" decoding="async" width="904" height="888" src="https://parrocchiadibidogno.ch/wp-content/uploads/2024/04/image-2.png" alt="" class="wp-image-2735" srcset="https://parrocchiadibidogno.ch/wp-content/uploads/2024/04/image-2.png 904w, https://parrocchiadibidogno.ch/wp-content/uploads/2024/04/image-2-300x295.png 300w, https://parrocchiadibidogno.ch/wp-content/uploads/2024/04/image-2-768x754.png 768w, https://parrocchiadibidogno.ch/wp-content/uploads/2024/04/image-2-870x855.png 870w" sizes="auto, (max-width: 904px) 100vw, 904px" /></figure>



<p><strong>Intenzioni delle S. Messe</strong></p>



<p>Carissimi parrocchiani,<br>vi chiediamo una cortesia. Per le intenzioni delle S. Messe che fate arrivare in segreteria, non sempre si riescono<br>a decifrare i nomi delle persone care che desiderate ricordare; vi chiediamo perciò di aggiungere un<br>vostro contatto telefonico per potervi raggiungere in caso di necessità.<br>Nelle frazioni è più facile ricordare i nostri cari, nei luoghi da loro amati. Vi ricordiamo pertanto, per il prossimo<br>Bollettino parrocchiale, di farci pervenire le vostre intenzioni per le S. Messe <strong>entro il 15 luglio 2024</strong>, in<br>modo da poter avere sempre un’intenzione per i nostri defunti in ogni Oratorio.<br>Vi ringraziamo per la vostra preziosa collaborazione, contiamo sulle preghiere di ognuno e vi assicuriamo le<br>nostre per voi tutti.</p>



<p>I vostri sacerdoti e la redazione sono felici di poter augurare a tutti un buon periodo, primaverile ed estivo, di vacanze e ristoro.</p>



<figure class="wp-block-image size-full"><img loading="lazy" decoding="async" width="612" height="934" src="https://parrocchiadibidogno.ch/wp-content/uploads/2024/05/image.png" alt="" class="wp-image-2784" srcset="https://parrocchiadibidogno.ch/wp-content/uploads/2024/05/image.png 612w, https://parrocchiadibidogno.ch/wp-content/uploads/2024/05/image-197x300.png 197w, https://parrocchiadibidogno.ch/wp-content/uploads/2024/05/image-560x855.png 560w" sizes="auto, (max-width: 612px) 100vw, 612px" /></figure>



<figure class="wp-block-image size-full"><img loading="lazy" decoding="async" width="614" height="926" src="https://parrocchiadibidogno.ch/wp-content/uploads/2024/05/image-1.png" alt="" class="wp-image-2785" srcset="https://parrocchiadibidogno.ch/wp-content/uploads/2024/05/image-1.png 614w, https://parrocchiadibidogno.ch/wp-content/uploads/2024/05/image-1-199x300.png 199w, https://parrocchiadibidogno.ch/wp-content/uploads/2024/05/image-1-567x855.png 567w" sizes="auto, (max-width: 614px) 100vw, 614px" /></figure>



<figure class="wp-block-image size-full"><img loading="lazy" decoding="async" width="609" height="944" src="https://parrocchiadibidogno.ch/wp-content/uploads/2024/05/image-2.png" alt="" class="wp-image-2786" srcset="https://parrocchiadibidogno.ch/wp-content/uploads/2024/05/image-2.png 609w, https://parrocchiadibidogno.ch/wp-content/uploads/2024/05/image-2-194x300.png 194w, https://parrocchiadibidogno.ch/wp-content/uploads/2024/05/image-2-552x855.png 552w" sizes="auto, (max-width: 609px) 100vw, 609px" /></figure>



<figure class="wp-block-image size-full is-resized"><img loading="lazy" decoding="async" width="615" height="932" src="https://parrocchiadibidogno.ch/wp-content/uploads/2024/05/image-3.png" alt="" class="wp-image-2787" style="width:614px;height:auto" srcset="https://parrocchiadibidogno.ch/wp-content/uploads/2024/05/image-3.png 615w, https://parrocchiadibidogno.ch/wp-content/uploads/2024/05/image-3-198x300.png 198w, https://parrocchiadibidogno.ch/wp-content/uploads/2024/05/image-3-564x855.png 564w" sizes="auto, (max-width: 615px) 100vw, 615px" /></figure>



<figure class="wp-block-image size-full"><img loading="lazy" decoding="async" width="610" height="938" src="https://parrocchiadibidogno.ch/wp-content/uploads/2024/05/image-4.png" alt="" class="wp-image-2788" srcset="https://parrocchiadibidogno.ch/wp-content/uploads/2024/05/image-4.png 610w, https://parrocchiadibidogno.ch/wp-content/uploads/2024/05/image-4-195x300.png 195w, https://parrocchiadibidogno.ch/wp-content/uploads/2024/05/image-4-556x855.png 556w" sizes="auto, (max-width: 610px) 100vw, 610px" /></figure>



<figure class="wp-block-image size-full"><img loading="lazy" decoding="async" width="614" height="938" src="https://parrocchiadibidogno.ch/wp-content/uploads/2024/05/image-5.png" alt="" class="wp-image-2789" srcset="https://parrocchiadibidogno.ch/wp-content/uploads/2024/05/image-5.png 614w, https://parrocchiadibidogno.ch/wp-content/uploads/2024/05/image-5-196x300.png 196w, https://parrocchiadibidogno.ch/wp-content/uploads/2024/05/image-5-560x855.png 560w" sizes="auto, (max-width: 614px) 100vw, 614px" /></figure>



<figure class="wp-block-image size-full"><img loading="lazy" decoding="async" width="613" height="946" src="https://parrocchiadibidogno.ch/wp-content/uploads/2024/05/image-6.png" alt="" class="wp-image-2790" srcset="https://parrocchiadibidogno.ch/wp-content/uploads/2024/05/image-6.png 613w, https://parrocchiadibidogno.ch/wp-content/uploads/2024/05/image-6-194x300.png 194w, https://parrocchiadibidogno.ch/wp-content/uploads/2024/05/image-6-554x855.png 554w" sizes="auto, (max-width: 613px) 100vw, 613px" /></figure>



<figure class="wp-block-image size-full"><img loading="lazy" decoding="async" width="610" height="931" src="https://parrocchiadibidogno.ch/wp-content/uploads/2024/05/image-7.png" alt="" class="wp-image-2791" srcset="https://parrocchiadibidogno.ch/wp-content/uploads/2024/05/image-7.png 610w, https://parrocchiadibidogno.ch/wp-content/uploads/2024/05/image-7-197x300.png 197w, https://parrocchiadibidogno.ch/wp-content/uploads/2024/05/image-7-560x855.png 560w" sizes="auto, (max-width: 610px) 100vw, 610px" /></figure>



<figure class="wp-block-image size-full"><img loading="lazy" decoding="async" width="610" height="941" src="https://parrocchiadibidogno.ch/wp-content/uploads/2024/05/image-8.png" alt="" class="wp-image-2792" srcset="https://parrocchiadibidogno.ch/wp-content/uploads/2024/05/image-8.png 610w, https://parrocchiadibidogno.ch/wp-content/uploads/2024/05/image-8-194x300.png 194w, https://parrocchiadibidogno.ch/wp-content/uploads/2024/05/image-8-554x855.png 554w" sizes="auto, (max-width: 610px) 100vw, 610px" /></figure>

<p>Vi rendiamo attenti ai cambiamenti che il Calendario parrocchiale potrà subire, saranno comunicati ogni settimana alle S. Messe, con esposizione<span class="more-dots">&#8230;</span></p>
